{"id":209,"date":"2021-01-27T16:40:40","date_gmt":"2021-01-27T21:40:40","guid":{"rendered":"http:\/\/yareandliahshop.com\/?post_type=product&#038;p=209"},"modified":"2021-02-06T23:18:10","modified_gmt":"2021-02-07T04:18:10","slug":"conjunto-bebe-jirafa","status":"publish","type":"product","link":"https:\/\/yareandliahshop.com\/index.php\/product\/conjunto-bebe-jirafa\/","title":{"rendered":"Conjunto Beb\u00e9 Jirafa"},"content":{"rendered":"","protected":false},"excerpt":{"rendered":"<p><span style=\"vertical-align: inherit;\"><span style=\"vertical-align: inherit;\"><span style=\"vertical-align: inherit;\"><span style=\"vertical-align: inherit;\"><span style=\"vertical-align: inherit;\"><span style=\"vertical-align: inherit;\">Conjunto 2 piezas, overol de falda con dise\u00f1o de jirafa y su\u00e9ter manga corta.<\/span><\/span><\/span><\/span><\/span><\/span><\/p>\n","protected":false},"featured_media":210,"comment_status":"open","ping_status":"closed","template":"","meta":{"_joinchat":[]},"product_cat":[18],"product_tag":[],"class_list":["post-209","product","type-product","status-publish","has-post-thumbnail","hentry","product_cat-bebe-toddler"],"yoast_head":"<!-- This site is optimized with the Yoast SEO plugin v24.9 - https:\/\/yoast.com\/wordpress\/plugins\/seo\/ -->\n<title>Conjunto Beb\u00e9 Jirafa - Yare Liah Shop<\/title>\n<meta name=\"robots\" content=\"index, follow, max-snippet:-1, max-image-preview:large, max-video-preview:-1\" \/>\n<link rel=\"canonical\" href=\"https:\/\/yareandliahshop.com\/index.php\/product\/conjunto-bebe-jirafa\/\" \/>\n<meta property=\"og:locale\" content=\"es_ES\" \/>\n<meta property=\"og:type\" content=\"article\" \/>\n<meta property=\"og:title\" content=\"Conjunto Beb\u00e9 Jirafa - Yare Liah Shop\" \/>\n<meta property=\"og:description\" content=\"Conjunto 2 piezas, overol de falda con dise\u00f1o de jirafa y su\u00e9ter manga corta.\" \/>\n<meta property=\"og:url\" content=\"https:\/\/yareandliahshop.com\/index.php\/product\/conjunto-bebe-jirafa\/\" \/>\n<meta property=\"og:site_name\" content=\"Yare Liah Shop\" \/>\n<meta property=\"article:publisher\" content=\"https:\/\/www.facebook.com\/YareandLiahShop\" \/>\n<meta property=\"article:modified_time\" content=\"2021-02-07T04:18:10+00:00\" \/>\n<meta property=\"og:image\" content=\"https:\/\/yareandliahshop.com\/wp-content\/uploads\/2021\/01\/PhotoRoom_20200812_161735.jpg\" \/>\n\t<meta property=\"og:image:width\" content=\"2400\" \/>\n\t<meta property=\"og:image:height\" content=\"1600\" \/>\n\t<meta property=\"og:image:type\" content=\"image\/jpeg\" \/>\n<meta name=\"twitter:card\" content=\"summary_large_image\" \/>\n<script type=\"application\/ld+json\" class=\"yoast-schema-graph\">{\"@context\":\"https:\/\/schema.org\",\"@graph\":[{\"@type\":\"WebPage\",\"@id\":\"https:\/\/yareandliahshop.com\/index.php\/product\/conjunto-bebe-jirafa\/\",\"url\":\"https:\/\/yareandliahshop.com\/index.php\/product\/conjunto-bebe-jirafa\/\",\"name\":\"Conjunto Beb\u00e9 Jirafa - Yare Liah Shop\",\"isPartOf\":{\"@id\":\"https:\/\/yareandliahshop.com\/#website\"},\"primaryImageOfPage\":{\"@id\":\"https:\/\/yareandliahshop.com\/index.php\/product\/conjunto-bebe-jirafa\/#primaryimage\"},\"image\":{\"@id\":\"https:\/\/yareandliahshop.com\/index.php\/product\/conjunto-bebe-jirafa\/#primaryimage\"},\"thumbnailUrl\":\"https:\/\/yareandliahshop.com\/wp-content\/uploads\/2021\/01\/PhotoRoom_20200812_161735.jpg\",\"datePublished\":\"2021-01-27T21:40:40+00:00\",\"dateModified\":\"2021-02-07T04:18:10+00:00\",\"breadcrumb\":{\"@id\":\"https:\/\/yareandliahshop.com\/index.php\/product\/conjunto-bebe-jirafa\/#breadcrumb\"},\"inLanguage\":\"es\",\"potentialAction\":[{\"@type\":\"ReadAction\",\"target\":[\"https:\/\/yareandliahshop.com\/index.php\/product\/conjunto-bebe-jirafa\/\"]}]},{\"@type\":\"ImageObject\",\"inLanguage\":\"es\",\"@id\":\"https:\/\/yareandliahshop.com\/index.php\/product\/conjunto-bebe-jirafa\/#primaryimage\",\"url\":\"https:\/\/yareandliahshop.com\/wp-content\/uploads\/2021\/01\/PhotoRoom_20200812_161735.jpg\",\"contentUrl\":\"https:\/\/yareandliahshop.com\/wp-content\/uploads\/2021\/01\/PhotoRoom_20200812_161735.jpg\",\"width\":2400,\"height\":1600},{\"@type\":\"BreadcrumbList\",\"@id\":\"https:\/\/yareandliahshop.com\/index.php\/product\/conjunto-bebe-jirafa\/#breadcrumb\",\"itemListElement\":[{\"@type\":\"ListItem\",\"position\":1,\"name\":\"Portada\",\"item\":\"https:\/\/yareandliahshop.com\/\"},{\"@type\":\"ListItem\",\"position\":2,\"name\":\"Tienda\",\"item\":\"https:\/\/yareandliahshop.com\/index.php\/tienda\/\"},{\"@type\":\"ListItem\",\"position\":3,\"name\":\"Conjunto Beb\u00e9 Jirafa\"}]},{\"@type\":\"WebSite\",\"@id\":\"https:\/\/yareandliahshop.com\/#website\",\"url\":\"https:\/\/yareandliahshop.com\/\",\"name\":\"Yare Liah Shop\",\"description\":\"La tienda m\u00e1s cool de los peque\u00f1os de la casa\",\"publisher\":{\"@id\":\"https:\/\/yareandliahshop.com\/#organization\"},\"potentialAction\":[{\"@type\":\"SearchAction\",\"target\":{\"@type\":\"EntryPoint\",\"urlTemplate\":\"https:\/\/yareandliahshop.com\/?s={search_term_string}\"},\"query-input\":{\"@type\":\"PropertyValueSpecification\",\"valueRequired\":true,\"valueName\":\"search_term_string\"}}],\"inLanguage\":\"es\"},{\"@type\":\"Organization\",\"@id\":\"https:\/\/yareandliahshop.com\/#organization\",\"name\":\"Yare & Liah Shop\",\"url\":\"https:\/\/yareandliahshop.com\/\",\"logo\":{\"@type\":\"ImageObject\",\"inLanguage\":\"es\",\"@id\":\"https:\/\/yareandliahshop.com\/#\/schema\/logo\/image\/\",\"url\":\"\",\"contentUrl\":\"\",\"caption\":\"Yare & Liah Shop\"},\"image\":{\"@id\":\"https:\/\/yareandliahshop.com\/#\/schema\/logo\/image\/\"},\"sameAs\":[\"https:\/\/www.facebook.com\/YareandLiahShop\",\"https:\/\/www.instagram.com\/yareandliahshop\/\"]}]}<\/script>\n<!-- \/ Yoast SEO plugin. -->","yoast_head_json":{"title":"Conjunto Beb\u00e9 Jirafa - Yare Liah Shop","robots":{"index":"index","follow":"follow","max-snippet":"max-snippet:-1","max-image-preview":"max-image-preview:large","max-video-preview":"max-video-preview:-1"},"canonical":"https:\/\/yareandliahshop.com\/index.php\/product\/conjunto-bebe-jirafa\/","og_locale":"es_ES","og_type":"article","og_title":"Conjunto Beb\u00e9 Jirafa - Yare Liah Shop","og_description":"Conjunto 2 piezas, overol de falda con dise\u00f1o de jirafa y su\u00e9ter manga corta.","og_url":"https:\/\/yareandliahshop.com\/index.php\/product\/conjunto-bebe-jirafa\/","og_site_name":"Yare Liah Shop","article_publisher":"https:\/\/www.facebook.com\/YareandLiahShop","article_modified_time":"2021-02-07T04:18:10+00:00","og_image":[{"width":2400,"height":1600,"url":"https:\/\/yareandliahshop.com\/wp-content\/uploads\/2021\/01\/PhotoRoom_20200812_161735.jpg","type":"image\/jpeg"}],"twitter_card":"summary_large_image","schema":{"@context":"https:\/\/schema.org","@graph":[{"@type":"WebPage","@id":"https:\/\/yareandliahshop.com\/index.php\/product\/conjunto-bebe-jirafa\/","url":"https:\/\/yareandliahshop.com\/index.php\/product\/conjunto-bebe-jirafa\/","name":"Conjunto Beb\u00e9 Jirafa - Yare Liah Shop","isPartOf":{"@id":"https:\/\/yareandliahshop.com\/#website"},"primaryImageOfPage":{"@id":"https:\/\/yareandliahshop.com\/index.php\/product\/conjunto-bebe-jirafa\/#primaryimage"},"image":{"@id":"https:\/\/yareandliahshop.com\/index.php\/product\/conjunto-bebe-jirafa\/#primaryimage"},"thumbnailUrl":"https:\/\/yareandliahshop.com\/wp-content\/uploads\/2021\/01\/PhotoRoom_20200812_161735.jpg","datePublished":"2021-01-27T21:40:40+00:00","dateModified":"2021-02-07T04:18:10+00:00","breadcrumb":{"@id":"https:\/\/yareandliahshop.com\/index.php\/product\/conjunto-bebe-jirafa\/#breadcrumb"},"inLanguage":"es","potentialAction":[{"@type":"ReadAction","target":["https:\/\/yareandliahshop.com\/index.php\/product\/conjunto-bebe-jirafa\/"]}]},{"@type":"ImageObject","inLanguage":"es","@id":"https:\/\/yareandliahshop.com\/index.php\/product\/conjunto-bebe-jirafa\/#primaryimage","url":"https:\/\/yareandliahshop.com\/wp-content\/uploads\/2021\/01\/PhotoRoom_20200812_161735.jpg","contentUrl":"https:\/\/yareandliahshop.com\/wp-content\/uploads\/2021\/01\/PhotoRoom_20200812_161735.jpg","width":2400,"height":1600},{"@type":"BreadcrumbList","@id":"https:\/\/yareandliahshop.com\/index.php\/product\/conjunto-bebe-jirafa\/#breadcrumb","itemListElement":[{"@type":"ListItem","position":1,"name":"Portada","item":"https:\/\/yareandliahshop.com\/"},{"@type":"ListItem","position":2,"name":"Tienda","item":"https:\/\/yareandliahshop.com\/index.php\/tienda\/"},{"@type":"ListItem","position":3,"name":"Conjunto Beb\u00e9 Jirafa"}]},{"@type":"WebSite","@id":"https:\/\/yareandliahshop.com\/#website","url":"https:\/\/yareandliahshop.com\/","name":"Yare Liah Shop","description":"La tienda m\u00e1s cool de los peque\u00f1os de la casa","publisher":{"@id":"https:\/\/yareandliahshop.com\/#organization"},"potentialAction":[{"@type":"SearchAction","target":{"@type":"EntryPoint","urlTemplate":"https:\/\/yareandliahshop.com\/?s={search_term_string}"},"query-input":{"@type":"PropertyValueSpecification","valueRequired":true,"valueName":"search_term_string"}}],"inLanguage":"es"},{"@type":"Organization","@id":"https:\/\/yareandliahshop.com\/#organization","name":"Yare & Liah Shop","url":"https:\/\/yareandliahshop.com\/","logo":{"@type":"ImageObject","inLanguage":"es","@id":"https:\/\/yareandliahshop.com\/#\/schema\/logo\/image\/","url":"","contentUrl":"","caption":"Yare & Liah Shop"},"image":{"@id":"https:\/\/yareandliahshop.com\/#\/schema\/logo\/image\/"},"sameAs":["https:\/\/www.facebook.com\/YareandLiahShop","https:\/\/www.instagram.com\/yareandliahshop\/"]}]}},"_links":{"self":[{"href":"https:\/\/yareandliahshop.com\/index.php\/wp-json\/wp\/v2\/product\/209","targetHints":{"allow":["GET"]}}],"collection":[{"href":"https:\/\/yareandliahshop.com\/index.php\/wp-json\/wp\/v2\/product"}],"about":[{"href":"https:\/\/yareandliahshop.com\/index.php\/wp-json\/wp\/v2\/types\/product"}],"replies":[{"embeddable":true,"href":"https:\/\/yareandliahshop.com\/index.php\/wp-json\/wp\/v2\/comments?post=209"}],"wp:featuredmedia":[{"embeddable":true,"href":"https:\/\/yareandliahshop.com\/index.php\/wp-json\/wp\/v2\/media\/210"}],"wp:attachment":[{"href":"https:\/\/yareandliahshop.com\/index.php\/wp-json\/wp\/v2\/media?parent=209"}],"wp:term":[{"taxonomy":"product_cat","embeddable":true,"href":"https:\/\/yareandliahshop.com\/index.php\/wp-json\/wp\/v2\/product_cat?post=209"},{"taxonomy":"product_tag","embeddable":true,"href":"https:\/\/yareandliahshop.com\/index.php\/wp-json\/wp\/v2\/product_tag?post=209"}],"curies":[{"name":"wp","href":"https:\/\/api.w.org\/{rel}","templated":true}]}}